*g - 4092. Calculate the remainder when 708 is divided by g.
150
What is the remainder when 96 is divided by (-72)/54*6*(-162)/24?
42
Suppose 5*o = 2*k + 1, 4*k + 1 - 13 = -4*o. Suppose -8 = -4*i + 4*a, k*a + 19 = -2*i + 7*i. Let u = 35 + -22. Calculate the remainder when u is divided by i.
3
Let r(i) = 4*i**3 - 5*i**2 - 2*i - 15. Let k be r(5). Calculate the remainder when 144 is divided by 3*(1 + 0)*k/21.
44
Let u(h) = h**2 + 11*h - 86. Let x be u(-12). Let y = x + 164. Calculate the remainder when y is divided by 32.
26
Let y(l) = l**2 + 6*l - 4. Let z be y(-7). Suppose -5*v + z*v = -30. What is the remainder when v is divided by (-8)/32 - 13/(-4) - -5?
7
Let f = 705 + -801. Calculate the remainder when 16/f - (-2149)/(-12)*-2 is divided by 33.
28
Let n be -44*(2 + -7)*-1. Let r = n + 225. Calculate the remainder when 29 is divided by r.
4
Suppose 0 = 4*i + 4*s - 4748, 2*i + 1058 - 3438 = 4*s. Calculate the remainder when i is divided by 58.
28
Let y(x) = 44*x - 5. Let s be y(1). Let z = 57 - s. Calculate the remainder when 30 is divided by z.
12
Let y = -14022 - -14093. Calculate the remainder when 227 is divided by y.
14
Suppose -3*y + 1226 = 4*d, -5*d + 12*y - 16*y + 1532 = 0. Suppose w - 427 = d. Calculate the remainder when w is divided by 11.
9
Calculate the remainder when 268 is divided by (-2 - 2)/2 + (-40)/(-10)*4.
2
Let y(t) = -t**3 + 39*t**2 - 38*t + 2. Let j be y(38). What is the remainder when 440 is divided by (j - 0)/((-224)/119 - -2)?
15
Let j be 10/25 - 129/(-15). Suppose 0 = 4*b - j*b + 155. Suppose -4*u - 4*p = -6*p - 356, 2*p = -2*u + 184. Calculate the remainder when u is divided by b.
28
Let n be (-3 + -1 - 0)*(-85)/(-10). Let g be 17/n + (-2)/(-4)*-239. Let z = g - -145. Calculate the remainder when 73 is divided by z.
23
Suppose 17 = -10*l + 57. Suppose 0 = -2*h - 2*h + 2*n + 164, -l*h + n + 160 = 0. What is the remainder when h is divided by (-10)/((-1)/2 + 0)?
19
Suppose 0 = -150*a + 49*a + 3131. Calculate the remainder when 2818 is divided by a.
28
Suppose 162 = 2*f + 21*i - 23*i, 79 = f - 2*i. What is the remainder when f is divided by 75?
8
What is the remainder when 243 is divided by (10/6 - (-56)/(-12)) + 64?
60
Let z(j) = -2*j**3 + 63*j**2 - 139*j + 19. Calculate the remainder when 573 is divided by z(29).
187
Suppose 2*b = -7 + 15. Suppose -15 = 3*n, -2*t = -b*t - 3*n + 109. Calculate the remainder when t is divided by 37.
25
Let s = 4 + 112. Let d = 1901 - 1884. Calculate the remainder when s is divided by d.
14
Let d be (-2)/9 - (-24)/(-162)*-15. Suppose 0 = -4*g - 20, -p + d*p = 5*g + 34. What is the remainder when (-23*(0 - -1))/(-1) is divided by p?
5
Suppose 0 = -y - 2*w + 1023, y + 4*w - 588 = 427. Calculate the remainder when y is divided by 343.
2
Calculate the remainder when 3389 + ((-54)/(-45))/((-8)/60) is divided by 17.
14
Calculate the remainder when 274 is divided by 24 + -3 + (-36 - -22).
1
Let o(r) = 6*r**3 + r**2 - 3*r + 2. Let x be ((-132)/(-14))/(2/14). Let a = -49 + x. What is the remainder when o(2) is divided by a?
14
Let o = 46 - 31. Suppose 0 = 16701*b - 16694*b - 413. Calculate the remainder when b is divided by o.
14
Let i(k) = 24*k + 1869. Calculate the remainder when 679 is divided by i(-75).
58
Let u(f) = 150*f - 5154. Calculate the remainder when u(37) is divided by 58.
48
Let i be 45/6*2/(-3). Let v be 1/(3/i)*(2 + -5). Suppose 2*t + 106 = v*r, 0*t - 4*t = -3*r + 58. Calculate the remainder when r is divided by 8.
6
Suppose -2995*w - 2967*w = -6001*w + 4485. Let o(y) = 28*y**2 - y. What is the remainder when w is divided by o(-1)?
28
Let h(a) = a**3 - 3*a**2 + a - 3. Let x = 6 + -1. Let t = 130117 - 130099. What is the remainder when h(x) is divided by t?
16
Suppose n - 7*s = -2*s - 10, 3*n + 4 = 2*s. Suppose n = 5*r - 4*o - 145, 5*r + 0*r + 3*o - 110 = 0. Calculate the remainder when 123 is divided by r.
23
Suppose -4*k + 20 = -3*k. Suppose -8*f + 10*f - k = 0. Let d = 2409 - 2382. Calculate the remainder when d is divided by f.
7
Suppose 0 = -20*m + 39*m - 456. Suppose -5*h + 36 = -m. Calculate the remainder when 130 is divided by h.
10
Let p = 158 + -110. Let i = p + -37. What is the remainder when 141 is divided by i?
9
Let o(z) = -3*z - 31. Suppose 63*q + y = 62*q - 15, 3*y = 2*q + 40. What is the remainder when 71 is divided by o(q)?
11
Calculate the remainder when (65/78)/1 + 6554/12 is divided by (1*10)/(8*3/132).
52
Suppose 4*n + n - 75 = 0. Suppose -2*k + n = k. Suppose -5*l + k*h + 478 = -82, 3*h - 6 = 0. What is the remainder when l is divided by 39?
36
Let c(m) be the second derivative of -m**4/12 - 7*m**3/2 - 7*m**2 + 5*m. Let a be c(-22). Let r = 45 + a. What is the remainder when 41 is divided by r?
5
Suppose i = -2*y + 893, 0 = -2*y + 1566*i - 1571*i + 873. What is the remainder when y is divided by 10?
9
Suppose 5*n - 15 = w - 3*w, 0 = -5*w - 5*n + 30. Suppose w*i - 20 - 5 = 0. Calculate the remainder when 19 is divided by i/2 + (25/5)/10.
1
Suppose -2*f = 5*n - 4184, -5*n - 559*f = -555*f - 4188. What is the remainder when n is divided by 41?
16
Let r(y) = y**2 + 10*y - 9. Suppose 6*t - 4*t = -266. Let l = -83 - t. Calculate the remainder when l is divided by r(-12).
5
Let k = -11992 + 12135. What is the remainder when k is divided by 72?
71
Let i = -21227 + 21246. Let z(l) = -l**3 - l**2 + 130. Calculate the remainder when z(0) is divided by i.
16
Let n(h) = -6*h - 22. Suppose 5*d = -x + 3*x - 19, -d = -2*x + 7. What is the remainder when x is divided by n(-4)?
0
Let j(r) = r**3 + 14*r**2 + 14*r + 15. Let m be j(-13). Let x(d) = 3*d - 20*d + 2*d**2 + 15 - 3*d**2 - m. What is the remainder when x(-15) is divided by 11?
10
Suppose -495 = -3*x + 270. Suppose 256*u - 34 = x*u. What is the remainder when 94 is divided by u?
26
What is the remainder when 307 is divided by (-12)/(9 - 119/13)?
73
Suppose 0 = -3*l - 4*d + 2413 - 548, -4*l - d + 2465 = 0. Calculate the remainder when l is divided by 8.
7
Let v(u) = 9*u - 100. Calculate the remainder when v(31) is divided by 17.
9
Calculate the remainder when ((-650)/8)/(15/(-24)) is divided by 48.
34
Suppose 0 = 6*f + 47 - 2873. Let g = -2062 + 2121. What is the remainder when f is divided by g?
58
Let q = 258 - -132. Calculate the remainder when 1419 is divided by q.
249
Let z = 121 - 346. Calculate the remainder when (-4125)/z + (-1)/((-6)/(-8)) is divided by 10.
7
What is the remainder when 775 is divided by 12/(-9)*(-14 + (-3138)/24)?
3
Suppose -22*z = -14*z - 336. Suppose -6 = 7*c - 342. Suppose -c = -2*k - 18. What is the remainder when z is divided by k?
12
Suppose 0 = -4*k - 5*b + 417, -2*k + 4*b = b - 181. Let d = 71 + k. Calculate the remainder when d is divided by 17.
16
Suppose 6*t - 25 = 17. Suppose 0 = t*m - 14*m + 14. Suppose -k - 100 = -2*k - 4*y, 3*k - 230 = m*y. Calculate the remainder when k is divided by 42.
38
Suppose -w + 3*w - 82 = 3*g, -w - 4*g + 19 = 0. Let n(d) = d + 10. Let h be n(-2). Suppose -h*m + 23 + 73 = 0. What is the remainder when w is divided by m?
11
Let r(i) = 41*i - 193. Let m(n) = -7*n + 349. Let w be m(49). What is the remainder when 527 is divided by r(w)?
50
Let y(a) = 38*a**2 - a + 1. Let o = 9339 + -9327. Calculate the remainder when y(-3) is divided by o.
10
Let c be 1/(7/(-25 - -4)). Let p = -193 - -271. Calculate the remainder when p is divided by ((-1)/c - (-708)/36)*1.
18
Suppose -185264 + 80608 = -38*y + 180268. What is the remainder when y is divided by 28?
22
Let r = -4 + 45. What is the remainder when ((-600)/(-105) - 4)/((-2)/(-84)) is divided by r?
31
Let s = -1416 - -1624. What is the remainder when s is divided by 117?
91
Let d = 3993 + -2706. Calculate the remainder when d is divided by 23.
22
Let b = 226 - 450. Let i = -137 - b. Suppose -i = 8*d - 11*d. Calculate the remainder when d is divided by 10.
9
Let n(u) = -160*u + 2117. What is the remainder when 929 is divided by n(13)?
4
Suppose 3*l + 3*y = 675 - 114, 0 = 3*l + 4*y - 560. Calculate the remainder when 579 is divided by l.
15
Suppose 71*v - 89*v + 972 = 0. What is the remainder when v is divided by 20?
14
Let n be 0/10 + (0 - 0). Suppose j + n*j + 4 = -y, -3*j = -y + 8. What is the remainder when 113 is divided by (j*(-3)/27)/(8/696)?
26
Suppose -4*l - 4*b + 12 = 0, -5*b + 0*b = 4*l - 13. Supp